- 1)).
-4
What is -15 + (19 - -2) + 5 - -16?
27
What is the value of -11 + -2 + 0 + (587 - 594)?
-20
What is -1 - -2 - (-2 + 6 + -10 - 2)?
9
Calculate 0 + (7 - 0) + (57 - 65).
-1
Evaluate -4 + -15 + 17 + 18.
16
Evaluate 7 - -3 - (0 - -14) - (-6 - 0).
2
Evaluate 3 - -3 - (4 + (5 - 18)).
15
1 + -7 + 49 + -57 - 6
-20
What is the value of -16 - (-10 + 10 + -5 + 4)?
-15
What is the value of -3 + 0 + 2 - (-36 + 29) - -3?
9
Evaluate 0 + -7 + (-4 - 30) + 12 + 17.
-12
Calculate 4 + (-26 + 12 - -15).
5
-50 + (-8 - -5 - -14) - -15
-24
Evaluate -30 - -7 - (-4 - 13).
-6
What is the value of (-4 - 1) + (-19 + 34 - -2)?
12
Evaluate -615 + 603 - (-2 + 16 + 1).
-27
What is the value of 10 + -5 + -12 + -3 + -1 + 8?
-3
Evaluate (-2 - -4) + (8 - (6 - 2) - 18).
-12
Calculate -4 + (-3 - (1 - (3 + -6 + 4))).
-7
What is the value of -1 - (-1 + 0 + -3 + 4 + -13)?
12
Calculate -14 + 14 - (1 - -6) - -5 - -16.
14
What is the value of -26 + 16 + 9 + -6?
-7
Evaluate (5 - (35 + -16)) + 11.
-3
What is the value of 17 + -37 + 7 - (5 + -3)?
-15
Calculate -14 - -33 - (15 + 16).
-12
What is -7 - (16 - (11 - 0))?
-12
Evaluate (-3 - -8) + -5 + 3 - -16 - 8.
11
Evaluate ((3 - 4) + -7 + -4 - -10) + 27.
25
332 + -370 + -4 + 0 - -6
-36
10 + 2 - (27 - (-34 - -45))
-4
Evaluate 26 + -11 + (-5 - -11) + -5.
16
Calculate (2 - 10) + 19 + 0.
11
(-16 - (-7 + -3)) + 11
5
What is 1 + (-21 - -51) - 29?
2
Evaluate 13 + (-14 + 14 - 11).
2
What is 12 - (9 + 25 + -16)?
-6
Evaluate 6 - (-8 + 14 + 1) - (11 - -1).
-13
What is the value of 0 + 14 + -15 - 3?
-4
Evaluate -5 - -14 - (19 + -13).
3
What is -143 + 156 + (2 - 16)?
-1
What is -1 + 21 + -18 + -11?
-9
What is the value of 2 - (-18 + (-10 + 1 - -12))?
17
What is the value of 11 + -4 + 15 + -4 + 0?
18
Evaluate -11 - (24 + -24) - -7.
-4
Calculate -5 + (4 - 7 - -5) + 6 - 18.
-15
What is 9 + 22 - (-42 + 67)?
6
What is the value of -13 + (559 - 564 - ((-3 - 1) + -1))?
-13
What is the value of (-17 - (16 - 39)) + -5?
1
What is 81 + -93 - (0 + -1)?
-11
Calculate (529 - 537) + (-4 + 1 - (-7 - 3)).
-1
What is -35 + 47 - ((-4 - -2) + 0)?
14
(-40 - -28) + 34 + 5
27
What is the value of -10 + (-8 + 17 - (18 + -10))?
-9
What is the value of -6 + (-14 + 13 - 1) + 7?
-1
-2 + 2 - (-56 + 64)
-8
What is the value of 12 - (-4 + -1 + 10 - 5)?
12
Evaluate -11 + (8 - (-44 - (2 + -6 - 1))).
36
-1 - -5 - (-17 + 29)
-8
What is 1 - (20 + 3 - 12)?
-10
(0 - 12) + -483 + 507
12
What is the value of (215 - 237) + 51 + 5?
34
What is 5 + 11 + 1 + -5?
12
What is 0 + (-12 - (3 - 10))?
-5
2 - (2 - (18 + (6 - 11)))
13
Evaluate -30 + 11 + 24 - (1 - -3).
1
Evaluate -21 - (-17 + (0 - 7) + 16).
-13
What is the value of (-194 - -186) + (-7 - -2 - -1)?
-12
Calculate (10 - -14) + -13 + 25 + -4.
32
Evaluate 18 + -19 + -5 - ((2 - 1) + -10).
3
-53 - (-54 + -6) - (0 - 10)
17
What is -7 - (-10 - -7 - 13)?
9
Calculate 3 + (31 - 4) + (-46 - -36).
20
Calculate 15 - -1 - (0 + 13).
3
Calculate 11 - ((44 - 10) + -22).
-1
What is -270 + 248 + 17 + 0?
-5
Calculate (0 - -4) + -10 + (13 - 1) - -8.
14
Evaluate 8 + -13 + 13 + 19 - 5.
22
Calculate 33 - (28 + -17) - 10.
12
What is 3 + 6 + -22 - (-3 - -15 - 14)?
-11
Calculate 2 + 0 + (80 - (-37 + 85)).
34
What is 18 - (-27 - (-11 - 13))?
21
Calculate -19 + 8 - -5 - (-1 - 5).
0
Evaluate -915 + 902 + (-12 - -1).
-24
Calculate (4 + -15 + -23 - -17) + (2 - 2).
-17
-6 + 2 + (-20 - (23 + -29)) - 3
-21
-1 + -1 - (310 + -290)
-22
What is the value of (25 - 0) + 46 + -24 + -20?
27
What is the value of -80 - (-16 + -37) - (1 + -3 + 2)?
-27
-7 - (-14 + 9 + 12)
-14
What is the value of -50 - -43 - (-4 + 3 + 2 + 5)?
-13
Evaluate (-3 - -43) + -24 + (-31 - 0).
-15
What is -95 + 84 + 6 + 0?
-5
23 + -12 + -18 + (-4 - -1)
-10
What is the value of 67 - (85 + -64 + 21)?
25
What is 2 - (-1 + (0 - (4 + -14)))?
-7
5 + -9 + -1 - (-14 - 0 - -5)
4
1 - 18 - (-13 + 27 + -23)
-8
-8 + 14 + -9 + 12
9
What is the value of 3 + -1 - (6 - (-3 - (-3 - 20)))?
16
What is the value of 10 - 7 - (6 + -1)?
-2
What is the value of -2 - -18 - (36 + (-31 - -13))?
-2
What is the value of -33 - (-46 + (19 - 9) + 18)?
-15
What is the value of -4 + -6 + 7 + (3 - -11)?
11
Evaluate (16 - 14) + (5 - (8 - 5)).
4
What is 3 + (3 - 16) - -15?
5
(7 - (-2 + 21)) + -8
-20
-10 - (1 + (-9 + 10 - (-2 + -1)))
-15
-10 - (-6 + 12 + -7) - -20
11
-26 + 12 - -33 - 26
-7
-39 + 5 + 25 + -1
-10
What is 2 + -1 + -5 + -69 + 27 + 32?
-14
Calculate (290 - 294) + (2 - 3) + -10.
-15
Evaluate (-7 - -1 - (24 - 28)) + -14.
-16
What is 1 + (42 + -10 + -1 + 4 - 6)?
30
What is -1 + 6 - ((15 - 9) + 10 + 2)?
-13
20 - 14 - (1 - (0 + 4))
9
Evaluate (-76 - -68) + (-11 - 3) + -9.
-31
(-12 - (-11 + 5 + 4)) + 5
-5
Evaluate (-11 + -5 - -7) + 4 + -5.
-10
What is the value of -7 - (-6 - (-4 + -8 - -2))?
-11
Evaluate (-5 - -7) + (26 - 34).
-6
Calculate (39 - -12) + -17 + -23.
11
Evaluate -5 + 8 + (4 - 10) - (3 - 13).
7
Calculate 6 + 0 + 2 + 9 + -20 + 12.
9
Evaluate -3 + -15 + (13 - 4 - -1).
-8
Evaluate -3 + 24 + -5 + -5 + -1.
10
Calculate -1 + -5 - (-23 - (-28 + 20)).
9
What is (-17 - -6) + 19 - -18?
26
(-4 - -5 - (-5 - -3)) + -10 + 8
1
What is the value of -4 + (99 - 87) + (1 - 0) + -13?
-4
What is (-13 - -5) + 20 + -11?
1
What is the value of -25 + 1 + (-1 + 16 - 13)?
-22
15 - 10 - (-2 - 24) - 2
29
-5 + -7 - -3 - (-8 + 7 - -15)
-23
What is the value of (-3 + 9 - 7) + 6 + -4 + 4?
5
What is the value of (4 - 11) + 2 + 14 + -10 + -7?
-8
(8 - -5) + -25 + -2 + 3
-11
Evaluate -19 - (12 + -28 + 27 + -1).
-29
What is the value of 9 + (-14 - 0) + 6 + -35?
-34
What is the value of 1 - 34 - (15 + -17 + 8 + -2)?
-37
-20 - (7 + 16 - 31)
-12
What is the value of -62 + 67 + -6 + (0 - 2) + 0?
-3
Calculate -46 + 32 + 16 + -40.
-38
What is (-1 - -11) + (184 - 176)?
18
Evaluate -18 + -30 + 43 + -16.
-21
Calculate 7 - (15 + (-1 - 14) + (-27 - -38)).
-4
What is the value of 21 + (3 - 3) + 31 + -33 + 5?
24
What is the value of (5 - (0 + 3)) + -6 + (-2 - -6)?
0
Calculate (34 + -3 - 9) + -28.
-6
What is the value of (-26 - (25 + -31)) + 38?
18
Calculate -5 - -7 - 4 - (9 - 0 - 24).
13
Evaluate 82 + -84 + -2 + 0 + 17.
13
Calculate -19 - (-9 + -1 + (12 - 4)).
-17
Evaluate 6 + -10 + 4 + (-4 - -1).
-3
What is (26 - (-16 - -28)) + -31?
-17
What is (19 - (4 + (-4 - -3))) + (-36 - -36)?
16
What is the value of (11 - 6) + -6 - (7 - 9)?
1
Evaluate -29 + -1 - (1016 + -1026).
-20
Calculate -5 - -6 - (-25 + (14 - -1) + -1).
12
What is -18 - ((-9 - -34) + -74)?
31
-2 + 6 + (180 - 187)
-3
What is the value of (0 - 2 - -3 - (-567 - -572)) + -13?
-17
4 - -2 - 4 - ((0 - 3) + -4)
9
(1 + -30 - -22) + -7
-14
What is the value of -11 - (-1 + -1 + (-1 - 6) + 17)?
-19
What is -4 - -1 - (-3 - -15 - (6 + -2))?
-11
-14 + -3 + (-12 - -33)
4
What is 3 + (24 - (-1 + -4 + 3)) + -1?
28
Calculate -2 + -12 - (-3 + 1).
-12
Calculate -62 + 49 + (-1 - -51) + -15.
22
What is the value of (7 - -5) + 25 + -42?
-5
Calculate -75 + 73 + (12 - 9).
1
Calculate (-10 - -5 - 0) + -5 + -22.
-32
What is (2 - 2) + (87 - 92) - (0 - -26)?
-31
What is the value of -5 - -28 - (51 + -39)?
11
Evaluate -9 - 5 - (-287 + 234).
39
What is 14 + (-16 - 4) - -6?
0
-3 + 10 + (9 + -2 - 25)
-11
What is the value of 1 - -22 - (38 + (24 - 53))?
14
(-2 - -9) + -2 + (4 - -4)
13
What is the value of -45 + 9 + 25 + -3?
-14
What is the value of -10 - 0 - (91 + -141)?
40
Evaluate -4 - 17 - -3 - -6.
-12
15 - (-21 + 11) - (1 - 2 - -7)
19
What is -1 - 7 - (-7 - (-15 - -9))?
-7
What is the value of 3 - (11 + (9 - -9))?
-26
What is the value of -15 - (5 - (5 + 9))?
-6
2 + -10 + (14 - (-34 - -32))
8
What is 11 + -43 - (25 + -59)?
2
What is the value of 28 - (0 - (9 - 9) - -2 - -1)?
25
What is 8 + 2 + (7 - (4 + 11))?
2
Evaluate 8 + 0 - 10 - ((6 - 1) + 1).
-8
What is the value of 49 - 48 - (-1 + -6)?
8
Evaluate 1 + (1 - 5) + (-3 - (13 - 11)).
-8
Evaluate -4 - (20 - 8 - 7 - (-1 - -14)).
4
What is the value of -35 - -73 - (-2 - -2)?
38
Calculate 5 - (-1 + -10 + 33 + -34).
17
-13 + -4 + -37 + 53
-1
Calculate (-5 + 10 - 14) + 1.
-8
(-6 - 2) + (-11 - 8 - -13)
-14
Calculate -1 + -1 - (15 - (-5 + (13 - -3))).
-6
What is the value of 1 - (-21 - -19) - (3 - 1 - -13)?
-12
Evaluate -13 + 8 + -1 - (2 + -20).
12
Calculate 25 - (30 - -26 - 38).
7
3 - -6 - -1 - (-47 + 49)
8
Calculate 1 + (-15 - (-4 - 3)).
-7
What is -2 - (1 + -6) - ((12 - 7) + 12)?
-14
Evaluate 1 + (